{"id":1616,"date":"2026-03-04T15:05:55","date_gmt":"2026-03-04T14:05:55","guid":{"rendered":"https:\/\/www.soinga.net\/web\/?page_id=1616"},"modified":"2026-03-05T16:55:36","modified_gmt":"2026-03-05T15:55:36","slug":"ficharnet","status":"publish","type":"page","link":"https:\/\/www.soinga.net\/web\/ficharnet\/","title":{"rendered":"FICHARNET"},"content":{"rendered":"\n<h2 class=\"wp-block-heading\">FicharNet: el control horario que se entiende a la primera<\/h2>\n\n\n\n<p>La soluci\u00f3n clara y completa para fichajes, jornadas, incidencias y vacaciones. Informes listos para inspecci\u00f3n y un panel web que ahorra tiempo.<\/p>\n\n\n\n<h4 class=\"wp-block-heading\">Todo el control horario en un \u00fanico sitio<\/h4>\n\n\n\n<p>Fichajes desde m\u00f3vil. Gesti\u00f3n de jornadas, permisos e incidencias con trazabilidad.<\/p>\n\n\n\n<h4 class=\"wp-block-heading\">Pensado para RRHH y gestores<\/h4>\n\n\n\n<p>Panel web con filtros, calendarios, exportaci\u00f3n y res\u00famenes. Todo lo necesario para el d\u00eda a d\u00eda.<\/p>\n\n\n\n<h4 class=\"wp-block-heading\">Gesti\u00f3n horaria<\/h4>\n\n\n\n<p>Fichajes digitales desde cualquier lugar, sin hardware obligatorio, con informes listos para RRHH.<\/p>\n\n\n\n<h4 class=\"wp-block-heading\">Cumplimiento<\/h4>\n\n\n\n<p>Registro horario, exportaci\u00f3n y trazabilidad para inspecciones. Todo organizado y accesible.<\/p>\n\n\n\n<h4 class=\"wp-block-heading\">Rapidez<\/h4>\n\n\n\n<p>Solicitudes, incidencias y aprobaci\u00f3n con un flujo simple. Menos fricci\u00f3n, m\u00e1s productividad.<\/p>\n\n\n\n<h2 class=\"wp-block-heading\">App para Android e iOS<\/h2>\n\n\n\n<p>Fichar, solicitar incidencias y revisar el calendario desde el m\u00f3vil (Android\/iOS), con una experiencia sencilla y r\u00e1pida.<\/p>\n\n\n\n<figure class=\"wp-block-image size-large\"><img data-recalc-dims=\"1\" loading=\"lazy\" decoding=\"async\" width=\"1030\" height=\"372\" data-attachment-id=\"1631\" data-permalink=\"https:\/\/www.soinga.net\/web\/ficharnet\/ficharnetweb1\/\" data-orig-file=\"https:\/\/i0.wp.com\/www.soinga.net\/web\/wp-content\/uploads\/ficharnetweb1.jpg?fit=1588%2C573&amp;ssl=1\" data-orig-size=\"1588,573\" data-comments-opened=\"0\" data-image-meta=\"{&quot;aperture&quot;:&quot;0&quot;,&quot;credit&quot;:&quot;&quot;,&quot;camera&quot;:&quot;&quot;,&quot;caption&quot;:&quot;&quot;,&quot;created_timestamp&quot;:&quot;0&quot;,&quot;copyright&quot;:&quot;&quot;,&quot;focal_length&quot;:&quot;0&quot;,&quot;iso&quot;:&quot;0&quot;,&quot;shutter_speed&quot;:&quot;0&quot;,&quot;title&quot;:&quot;&quot;,&quot;orientation&quot;:&quot;0&quot;}\" data-image-title=\"ficharnetweb1\" data-image-description=\"\" data-image-caption=\"\" data-large-file=\"https:\/\/i0.wp.com\/www.soinga.net\/web\/wp-content\/uploads\/ficharnetweb1.jpg?fit=1030%2C372&amp;ssl=1\" src=\"https:\/\/i0.wp.com\/www.soinga.net\/web\/wp-content\/uploads\/ficharnetweb1.jpg?resize=1030%2C372&#038;ssl=1\" alt=\"\" class=\"wp-image-1631\" srcset=\"https:\/\/i0.wp.com\/www.soinga.net\/web\/wp-content\/uploads\/ficharnetweb1.jpg?resize=1030%2C372&amp;ssl=1 1030w, https:\/\/i0.wp.com\/www.soinga.net\/web\/wp-content\/uploads\/ficharnetweb1.jpg?resize=300%2C108&amp;ssl=1 300w, https:\/\/i0.wp.com\/www.soinga.net\/web\/wp-content\/uploads\/ficharnetweb1.jpg?resize=768%2C277&amp;ssl=1 768w, https:\/\/i0.wp.com\/www.soinga.net\/web\/wp-content\/uploads\/ficharnetweb1.jpg?resize=1536%2C554&amp;ssl=1 1536w, https:\/\/i0.wp.com\/www.soinga.net\/web\/wp-content\/uploads\/ficharnetweb1.jpg?w=1588&amp;ssl=1 1588w\" sizes=\"auto, (max-width: 1000px) 100vw, 1000px\" \/><\/figure>\n\n\n\n<div class=\"wp-block-columns is-layout-flex wp-container-core-columns-is-layout-28f84493 wp-block-columns-is-layout-flex\">\n<div class=\"wp-block-column is-layout-flow wp-block-column-is-layout-flow\" style=\"flex-basis:100%\">\n<div class=\"wp-block-columns is-layout-flex wp-container-core-columns-is-layout-28f84493 wp-block-columns-is-layout-flex\">\n<div class=\"wp-block-column is-layout-flow wp-block-column-is-layout-flow\" style=\"flex-basis:100%\">\n<div class=\"wp-block-columns is-layout-flex wp-container-core-columns-is-layout-28f84493 wp-block-columns-is-layout-flex\">\n<div class=\"wp-block-column is-layout-flow wp-block-column-is-layout-flow\">\n<figure class=\"wp-block-image alignleft size-large\"><img data-recalc-dims=\"1\" loading=\"lazy\" decoding=\"async\" width=\"476\" height=\"1030\" data-attachment-id=\"1636\" data-permalink=\"https:\/\/www.soinga.net\/web\/ficharnet\/ylp1-3\/\" data-orig-file=\"https:\/\/i0.wp.com\/www.soinga.net\/web\/wp-content\/uploads\/ylp1-2.jpg?fit=1125%2C2436&amp;ssl=1\" data-orig-size=\"1125,2436\" data-comments-opened=\"0\" data-image-meta=\"{&quot;aperture&quot;:&quot;0&quot;,&quot;credit&quot;:&quot;&quot;,&quot;camera&quot;:&quot;&quot;,&quot;caption&quot;:&quot;&quot;,&quot;created_timestamp&quot;:&quot;0&quot;,&quot;copyright&quot;:&quot;&quot;,&quot;focal_length&quot;:&quot;0&quot;,&quot;iso&quot;:&quot;0&quot;,&quot;shutter_speed&quot;:&quot;0&quot;,&quot;title&quot;:&quot;&quot;,&quot;orientation&quot;:&quot;0&quot;}\" data-image-title=\"ylp1\" data-image-description=\"\" data-image-caption=\"\" data-large-file=\"https:\/\/i0.wp.com\/www.soinga.net\/web\/wp-content\/uploads\/ylp1-2.jpg?fit=476%2C1030&amp;ssl=1\" src=\"https:\/\/i0.wp.com\/www.soinga.net\/web\/wp-content\/uploads\/ylp1-2.jpg?resize=476%2C1030&#038;ssl=1\" alt=\"\" class=\"wp-image-1636\" srcset=\"https:\/\/i0.wp.com\/www.soinga.net\/web\/wp-content\/uploads\/ylp1-2.jpg?resize=476%2C1030&amp;ssl=1 476w, https:\/\/i0.wp.com\/www.soinga.net\/web\/wp-content\/uploads\/ylp1-2.jpg?resize=139%2C300&amp;ssl=1 139w, https:\/\/i0.wp.com\/www.soinga.net\/web\/wp-content\/uploads\/ylp1-2.jpg?resize=768%2C1663&amp;ssl=1 768w, https:\/\/i0.wp.com\/www.soinga.net\/web\/wp-content\/uploads\/ylp1-2.jpg?resize=709%2C1536&amp;ssl=1 709w, https:\/\/i0.wp.com\/www.soinga.net\/web\/wp-content\/uploads\/ylp1-2.jpg?resize=946%2C2048&amp;ssl=1 946w, https:\/\/i0.wp.com\/www.soinga.net\/web\/wp-content\/uploads\/ylp1-2.jpg?w=1125&amp;ssl=1 1125w\" sizes=\"auto, (max-width: 476px) 100vw, 476px\" \/><\/figure>\n<\/div>\n\n\n\n<div class=\"wp-block-column is-layout-flow wp-block-column-is-layout-flow\">\n<figure class=\"wp-block-image alignright size-large is-resized\"><img data-recalc-dims=\"1\" loading=\"lazy\" decoding=\"async\" width=\"476\" height=\"1030\" data-attachment-id=\"1635\" data-permalink=\"https:\/\/www.soinga.net\/web\/ficharnet\/ylp3\/\" data-orig-file=\"https:\/\/i0.wp.com\/www.soinga.net\/web\/wp-content\/uploads\/ylp3.jpg?fit=1125%2C2436&amp;ssl=1\" data-orig-size=\"1125,2436\" data-comments-opened=\"0\" data-image-meta=\"{&quot;aperture&quot;:&quot;0&quot;,&quot;credit&quot;:&quot;&quot;,&quot;camera&quot;:&quot;&quot;,&quot;caption&quot;:&quot;&quot;,&quot;created_timestamp&quot;:&quot;0&quot;,&quot;copyright&quot;:&quot;&quot;,&quot;focal_length&quot;:&quot;0&quot;,&quot;iso&quot;:&quot;0&quot;,&quot;shutter_speed&quot;:&quot;0&quot;,&quot;title&quot;:&quot;&quot;,&quot;orientation&quot;:&quot;0&quot;}\" data-image-title=\"ylp3\" data-image-description=\"\" data-image-caption=\"\" data-large-file=\"https:\/\/i0.wp.com\/www.soinga.net\/web\/wp-content\/uploads\/ylp3.jpg?fit=476%2C1030&amp;ssl=1\" src=\"https:\/\/i0.wp.com\/www.soinga.net\/web\/wp-content\/uploads\/ylp3.jpg?resize=476%2C1030&#038;ssl=1\" alt=\"\" class=\"wp-image-1635\" style=\"aspect-ratio:0.46214178436518655;width:474px;height:auto\" srcset=\"https:\/\/i0.wp.com\/www.soinga.net\/web\/wp-content\/uploads\/ylp3.jpg?resize=476%2C1030&amp;ssl=1 476w, https:\/\/i0.wp.com\/www.soinga.net\/web\/wp-content\/uploads\/ylp3.jpg?resize=139%2C300&amp;ssl=1 139w, https:\/\/i0.wp.com\/www.soinga.net\/web\/wp-content\/uploads\/ylp3.jpg?resize=768%2C1663&amp;ssl=1 768w, https:\/\/i0.wp.com\/www.soinga.net\/web\/wp-content\/uploads\/ylp3.jpg?resize=709%2C1536&amp;ssl=1 709w, https:\/\/i0.wp.com\/www.soinga.net\/web\/wp-content\/uploads\/ylp3.jpg?resize=946%2C2048&amp;ssl=1 946w, https:\/\/i0.wp.com\/www.soinga.net\/web\/wp-content\/uploads\/ylp3.jpg?w=1125&amp;ssl=1 1125w\" sizes=\"auto, (max-width: 476px) 100vw, 476px\" \/><\/figure>\n<\/div>\n<\/div>\n<\/div>\n<\/div>\n<\/div>\n<\/div>\n","protected":false},"excerpt":{"rendered":"<p>FicharNet: el control horario que se entiende a la primera La soluci\u00f3n clara y completa para fichajes, jornadas, incidencias y [&hellip;]<\/p>\n","protected":false},"author":1,"featured_media":0,"parent":0,"menu_order":0,"comment_status":"closed","ping_status":"closed","template":"","meta":{"site-sidebar-layout":"default","site-content-layout":"","ast-site-content-layout":"default","site-content-style":"default","site-sidebar-style":"default","ast-global-header-display":"","ast-banner-title-visibility":"","ast-main-header-display":"","ast-hfb-above-header-display":"","ast-hfb-below-header-display":"","ast-hfb-mobile-header-display":"","site-post-title":"","ast-breadcrumbs-content":"","ast-featured-img":"","footer-sml-layout":"","ast-disable-related-posts":"","theme-transparent-header-meta":"","adv-header-id-meta":"","stick-header-meta":"","header-above-stick-meta":"","header-main-stick-meta":"","header-below-stick-meta":"","astra-migrate-meta-layouts":"default","ast-page-background-enabled":"default","ast-page-background-meta":{"desktop":{"background-color":"var(--ast-global-color-4)","background-image":"","background-repeat":"repeat","background-position":"center center","background-size":"auto","background-attachment":"scroll","background-type":"","background-media":"","overlay-type":"","overlay-color":"","overlay-opacity":"","overlay-gradient":""},"tablet":{"background-color":"","background-image":"","background-repeat":"repeat","background-position":"center center","background-size":"auto","background-attachment":"scroll","background-type":"","background-media":"","overlay-type":"","overlay-color":"","overlay-opacity":"","overlay-gradient":""},"mobile":{"background-color":"","background-image":"","background-repeat":"repeat","background-position":"center center","background-size":"auto","background-attachment":"scroll","background-type":"","background-media":"","overlay-type":"","overlay-color":"","overlay-opacity":"","overlay-gradient":""}},"ast-content-background-meta":{"desktop":{"background-color":"var(--ast-global-color-5)","background-image":"","background-repeat":"repeat","background-position":"center center","background-size":"auto","background-attachment":"scroll","background-type":"","background-media":"","overlay-type":"","overlay-color":"","overlay-opacity":"","overlay-gradient":""},"tablet":{"background-color":"var(--ast-global-color-5)","background-image":"","background-repeat":"repeat","background-position":"center center","background-size":"auto","background-attachment":"scroll","background-type":"","background-media":"","overlay-type":"","overlay-color":"","overlay-opacity":"","overlay-gradient":""},"mobile":{"background-color":"var(--ast-global-color-5)","background-image":"","background-repeat":"repeat","background-position":"center center","background-size":"auto","background-attachment":"scroll","background-type":"","background-media":"","overlay-type":"","overlay-color":"","overlay-opacity":"","overlay-gradient":""}},"footnotes":""},"class_list":["post-1616","page","type-page","status-publish","hentry"],"yoast_head":"<!-- This site is optimized with the Yoast SEO plugin v27.3 - https:\/\/yoast.com\/product\/yoast-seo-wordpress\/ -->\n<title>FICHARNET - SOINGA<\/title>\n<meta name=\"robots\" content=\"index, follow, max-snippet:-1, max-image-preview:large, max-video-preview:-1\" \/>\n<link rel=\"canonical\" href=\"https:\/\/www.soinga.net\/web\/ficharnet\/\" \/>\n<meta property=\"og:locale\" content=\"es_ES\" \/>\n<meta property=\"og:type\" content=\"article\" \/>\n<meta property=\"og:title\" content=\"FICHARNET - SOINGA\" \/>\n<meta property=\"og:description\" content=\"FicharNet: el control horario que se entiende a la primera La soluci\u00f3n clara y completa para fichajes, jornadas, incidencias y [&hellip;]\" \/>\n<meta property=\"og:url\" content=\"https:\/\/www.soinga.net\/web\/ficharnet\/\" \/>\n<meta property=\"og:site_name\" content=\"SOINGA\" \/>\n<meta property=\"article:publisher\" content=\"https:\/\/www.facebook.com\/SoingaSC-770654092982927\/\" \/>\n<meta property=\"article:modified_time\" content=\"2026-03-05T15:55:36+00:00\" \/>\n<meta property=\"og:image\" content=\"https:\/\/www.soinga.net\/web\/wp-content\/uploads\/ficharnetweb1-1030x372.jpg\" \/>\n<meta name=\"twitter:label1\" content=\"Tiempo de lectura\" \/>\n\t<meta name=\"twitter:data1\" content=\"2 minutos\" \/>\n<script type=\"application\/ld+json\" class=\"yoast-schema-graph\">{\"@context\":\"https:\\\/\\\/schema.org\",\"@graph\":[{\"@type\":\"WebPage\",\"@id\":\"https:\\\/\\\/www.soinga.net\\\/web\\\/ficharnet\\\/\",\"url\":\"https:\\\/\\\/www.soinga.net\\\/web\\\/ficharnet\\\/\",\"name\":\"FICHARNET - SOINGA\",\"isPartOf\":{\"@id\":\"https:\\\/\\\/www.soinga.net\\\/web\\\/#website\"},\"primaryImageOfPage\":{\"@id\":\"https:\\\/\\\/www.soinga.net\\\/web\\\/ficharnet\\\/#primaryimage\"},\"image\":{\"@id\":\"https:\\\/\\\/www.soinga.net\\\/web\\\/ficharnet\\\/#primaryimage\"},\"thumbnailUrl\":\"https:\\\/\\\/www.soinga.net\\\/web\\\/wp-content\\\/uploads\\\/ficharnetweb1-1030x372.jpg\",\"datePublished\":\"2026-03-04T14:05:55+00:00\",\"dateModified\":\"2026-03-05T15:55:36+00:00\",\"breadcrumb\":{\"@id\":\"https:\\\/\\\/www.soinga.net\\\/web\\\/ficharnet\\\/#breadcrumb\"},\"inLanguage\":\"es\",\"potentialAction\":[{\"@type\":\"ReadAction\",\"target\":[\"https:\\\/\\\/www.soinga.net\\\/web\\\/ficharnet\\\/\"]}]},{\"@type\":\"ImageObject\",\"inLanguage\":\"es\",\"@id\":\"https:\\\/\\\/www.soinga.net\\\/web\\\/ficharnet\\\/#primaryimage\",\"url\":\"https:\\\/\\\/i0.wp.com\\\/www.soinga.net\\\/web\\\/wp-content\\\/uploads\\\/ficharnetweb1.jpg?fit=1588%2C573&ssl=1\",\"contentUrl\":\"https:\\\/\\\/i0.wp.com\\\/www.soinga.net\\\/web\\\/wp-content\\\/uploads\\\/ficharnetweb1.jpg?fit=1588%2C573&ssl=1\",\"width\":1588,\"height\":573},{\"@type\":\"BreadcrumbList\",\"@id\":\"https:\\\/\\\/www.soinga.net\\\/web\\\/ficharnet\\\/#breadcrumb\",\"itemListElement\":[{\"@type\":\"ListItem\",\"position\":1,\"name\":\"Portada\",\"item\":\"https:\\\/\\\/www.soinga.net\\\/web\\\/\"},{\"@type\":\"ListItem\",\"position\":2,\"name\":\"FICHARNET\"}]},{\"@type\":\"WebSite\",\"@id\":\"https:\\\/\\\/www.soinga.net\\\/web\\\/#website\",\"url\":\"https:\\\/\\\/www.soinga.net\\\/web\\\/\",\"name\":\"SOINGA\",\"description\":\"Soporte Inform\u00e1tico\",\"publisher\":{\"@id\":\"https:\\\/\\\/www.soinga.net\\\/web\\\/#organization\"},\"alternateName\":\"Soporte Inform\u00e1tico\",\"potentialAction\":[{\"@type\":\"SearchAction\",\"target\":{\"@type\":\"EntryPoint\",\"urlTemplate\":\"https:\\\/\\\/www.soinga.net\\\/web\\\/?s={search_term_string}\"},\"query-input\":{\"@type\":\"PropertyValueSpecification\",\"valueRequired\":true,\"valueName\":\"search_term_string\"}}],\"inLanguage\":\"es\"},{\"@type\":\"Organization\",\"@id\":\"https:\\\/\\\/www.soinga.net\\\/web\\\/#organization\",\"name\":\"SOINGA\",\"url\":\"https:\\\/\\\/www.soinga.net\\\/web\\\/\",\"logo\":{\"@type\":\"ImageObject\",\"inLanguage\":\"es\",\"@id\":\"https:\\\/\\\/www.soinga.net\\\/web\\\/#\\\/schema\\\/logo\\\/image\\\/\",\"url\":\"http:\\\/\\\/localhost:10004\\\/wp-content\\\/uploads\\\/logo.png\",\"contentUrl\":\"http:\\\/\\\/localhost:10004\\\/wp-content\\\/uploads\\\/logo.png\",\"width\":193,\"height\":125,\"caption\":\"SOINGA\"},\"image\":{\"@id\":\"https:\\\/\\\/www.soinga.net\\\/web\\\/#\\\/schema\\\/logo\\\/image\\\/\"},\"sameAs\":[\"https:\\\/\\\/www.facebook.com\\\/SoingaSC-770654092982927\\\/\",\"https:\\\/\\\/www.instagram.com\\\/soinga_sc\\\/\"]}]}<\/script>\n<!-- \/ Yoast SEO plugin. -->","yoast_head_json":{"title":"FICHARNET - SOINGA","robots":{"index":"index","follow":"follow","max-snippet":"max-snippet:-1","max-image-preview":"max-image-preview:large","max-video-preview":"max-video-preview:-1"},"canonical":"https:\/\/www.soinga.net\/web\/ficharnet\/","og_locale":"es_ES","og_type":"article","og_title":"FICHARNET - SOINGA","og_description":"FicharNet: el control horario que se entiende a la primera La soluci\u00f3n clara y completa para fichajes, jornadas, incidencias y [&hellip;]","og_url":"https:\/\/www.soinga.net\/web\/ficharnet\/","og_site_name":"SOINGA","article_publisher":"https:\/\/www.facebook.com\/SoingaSC-770654092982927\/","article_modified_time":"2026-03-05T15:55:36+00:00","og_image":[{"url":"https:\/\/www.soinga.net\/web\/wp-content\/uploads\/ficharnetweb1-1030x372.jpg","type":"","width":"","height":""}],"twitter_misc":{"Tiempo de lectura":"2 minutos"},"schema":{"@context":"https:\/\/schema.org","@graph":[{"@type":"WebPage","@id":"https:\/\/www.soinga.net\/web\/ficharnet\/","url":"https:\/\/www.soinga.net\/web\/ficharnet\/","name":"FICHARNET - SOINGA","isPartOf":{"@id":"https:\/\/www.soinga.net\/web\/#website"},"primaryImageOfPage":{"@id":"https:\/\/www.soinga.net\/web\/ficharnet\/#primaryimage"},"image":{"@id":"https:\/\/www.soinga.net\/web\/ficharnet\/#primaryimage"},"thumbnailUrl":"https:\/\/www.soinga.net\/web\/wp-content\/uploads\/ficharnetweb1-1030x372.jpg","datePublished":"2026-03-04T14:05:55+00:00","dateModified":"2026-03-05T15:55:36+00:00","breadcrumb":{"@id":"https:\/\/www.soinga.net\/web\/ficharnet\/#breadcrumb"},"inLanguage":"es","potentialAction":[{"@type":"ReadAction","target":["https:\/\/www.soinga.net\/web\/ficharnet\/"]}]},{"@type":"ImageObject","inLanguage":"es","@id":"https:\/\/www.soinga.net\/web\/ficharnet\/#primaryimage","url":"https:\/\/i0.wp.com\/www.soinga.net\/web\/wp-content\/uploads\/ficharnetweb1.jpg?fit=1588%2C573&ssl=1","contentUrl":"https:\/\/i0.wp.com\/www.soinga.net\/web\/wp-content\/uploads\/ficharnetweb1.jpg?fit=1588%2C573&ssl=1","width":1588,"height":573},{"@type":"BreadcrumbList","@id":"https:\/\/www.soinga.net\/web\/ficharnet\/#breadcrumb","itemListElement":[{"@type":"ListItem","position":1,"name":"Portada","item":"https:\/\/www.soinga.net\/web\/"},{"@type":"ListItem","position":2,"name":"FICHARNET"}]},{"@type":"WebSite","@id":"https:\/\/www.soinga.net\/web\/#website","url":"https:\/\/www.soinga.net\/web\/","name":"SOINGA","description":"Soporte Inform\u00e1tico","publisher":{"@id":"https:\/\/www.soinga.net\/web\/#organization"},"alternateName":"Soporte Inform\u00e1tico","potentialAction":[{"@type":"SearchAction","target":{"@type":"EntryPoint","urlTemplate":"https:\/\/www.soinga.net\/web\/?s={search_term_string}"},"query-input":{"@type":"PropertyValueSpecification","valueRequired":true,"valueName":"search_term_string"}}],"inLanguage":"es"},{"@type":"Organization","@id":"https:\/\/www.soinga.net\/web\/#organization","name":"SOINGA","url":"https:\/\/www.soinga.net\/web\/","logo":{"@type":"ImageObject","inLanguage":"es","@id":"https:\/\/www.soinga.net\/web\/#\/schema\/logo\/image\/","url":"http:\/\/localhost:10004\/wp-content\/uploads\/logo.png","contentUrl":"http:\/\/localhost:10004\/wp-content\/uploads\/logo.png","width":193,"height":125,"caption":"SOINGA"},"image":{"@id":"https:\/\/www.soinga.net\/web\/#\/schema\/logo\/image\/"},"sameAs":["https:\/\/www.facebook.com\/SoingaSC-770654092982927\/","https:\/\/www.instagram.com\/soinga_sc\/"]}]}},"jetpack_sharing_enabled":true,"jetpack_shortlink":"https:\/\/wp.me\/P6oxXO-q4","jetpack-related-posts":[{"id":1610,"url":"https:\/\/www.soinga.net\/web\/systempin\/","url_meta":{"origin":1616,"position":0},"title":"CONTROL HORARIO","author":"","date":false,"format":false,"excerpt":"C\u00f3mo gestionar los tiempos de sus empleados Seg\u00fan apunta la sentencia de la Audiencia Nacional, las empresas tienen la obligaci\u00f3n de registrar diariamente la jornada de trabajo de sus empleados aunque no se realicen horas extraordinarias. Uno de los mayores quebraderos de cabeza en la administraci\u00f3n de las empresas es\u2026","rel":"","context":"Entrada similar","block_context":{"text":"Entrada similar","link":""},"img":{"alt_text":"","src":"","width":0,"height":0},"classes":[]},{"id":342,"url":"https:\/\/www.soinga.net\/web\/control-de-presencia\/","url_meta":{"origin":1616,"position":1},"title":"SYSTEMPIN","author":"","date":false,"format":false,"excerpt":"C\u00f3mo gestionar los tiempos de sus empleados Seg\u00fan apunta la sentencia de la Audiencia Nacional, las empresas tienen la obligaci\u00f3n de registrar diariamente la jornada de trabajo de sus empleados aunque no se realicen horas extraordinarias. Uno de los mayores quebraderos de cabeza en la administraci\u00f3n de las empresas es\u2026","rel":"","context":"Entrada similar","block_context":{"text":"Entrada similar","link":""},"img":{"alt_text":"","src":"https:\/\/i0.wp.com\/www.soinga.net\/web\/wp-content\/uploads\/systempin.png?resize=350%2C200&ssl=1","width":350,"height":200},"classes":[]},{"id":1047,"url":"https:\/\/www.soinga.net\/web\/gestion-de-certificados\/","url_meta":{"origin":1616,"position":2},"title":"GESTION DE CERTIFICADOS","author":"","date":false,"format":false,"excerpt":"Gesti\u00f3n \u00e1gil y c\u00f3moda de sus certificados digitales Este software nace de la necesidad de poder gestionar certificados digitales de manera eficiente e inmediata, facilitando la disponibilidad de los certificados entre todos los puestos de trabajo. Ahorra tiempo Localice el certificado que desea por nombre, entidad, NIF o DNI de\u2026","rel":"","context":"Entrada similar","block_context":{"text":"Entrada similar","link":""},"img":{"alt_text":"funciones del programa","src":"https:\/\/i0.wp.com\/bicert.es\/assets\/img\/caracteristica3.jpg?resize=350%2C200&ssl=1","width":350,"height":200},"classes":[]},{"id":131,"url":"https:\/\/www.soinga.net\/web\/","url_meta":{"origin":1616,"position":3},"title":"SOINGA","author":"","date":false,"format":false,"excerpt":"\u00bfEn qu\u00e9 afecta a tu software de contabilidad o programa de gesti\u00f3n la aplicaci\u00f3n de la ley 11\/2021? \"Soluci\u00f3n integral en servicios inform\u00e1ticos a particulares y empresas.\" \"Analizamos sus necesidades, con el objetivo de encontrar una soluci\u00f3n integral adaptada totalmente a su empresa\" \"Disponemos de todo tipo de software, adaptado\u2026","rel":"","context":"Entrada similar","block_context":{"text":"Entrada similar","link":""},"img":{"alt_text":"","src":"https:\/\/i0.wp.com\/www.soinga.net\/web\/wp-content\/uploads\/glop_home.jpg?resize=350%2C200&ssl=1","width":350,"height":200,"srcset":"https:\/\/i0.wp.com\/www.soinga.net\/web\/wp-content\/uploads\/glop_home.jpg?resize=350%2C200&ssl=1 1x, https:\/\/i0.wp.com\/www.soinga.net\/web\/wp-content\/uploads\/glop_home.jpg?resize=525%2C300&ssl=1 1.5x, https:\/\/i0.wp.com\/www.soinga.net\/web\/wp-content\/uploads\/glop_home.jpg?resize=700%2C400&ssl=1 2x"},"classes":[]},{"id":89,"url":"https:\/\/www.soinga.net\/web\/goldensoft-2\/","url_meta":{"origin":1616,"position":4},"title":"SOFTWARE","author":"","date":false,"format":false,"excerpt":"Como Distribuidor Oficial de GoldenSoft\u00a0ofrecemos\u00a0software de Gesti\u00f3n, Facturaci\u00f3n, Contabilidad, Laboral, Aut\u00f3nomos, TPV, CRM, orientado y adaptado a asesor\u00edas, pymes, comercios (librer\u00edas, zapater\u00edas, tiendas de ropa, etc), ayud\u00e1ndole a mejorar la visi\u00f3n de su negocio, obteniendo as\u00ed la mejor rentabilidad y \u00a0productividad.\u00a0 Asimismo, somos distribuidores de software de Control de Presencia,\u2026","rel":"","context":"Entrada similar","block_context":{"text":"Entrada similar","link":""},"img":{"alt_text":"","src":"","width":0,"height":0},"classes":[]},{"id":808,"url":"https:\/\/www.soinga.net\/web\/glop\/","url_meta":{"origin":1616,"position":5},"title":"GLOP","author":"","date":false,"format":false,"excerpt":"El Tpv hosteler\u00eda que aporta\u00a0una soluci\u00f3n \u00c1gil e Intuitiva Con GLOP TPV toma el control de tu\u00a0restaurante, cafeter\u00eda, discoteca o helader\u00eda con un \u00fanico software tpv\u00a0adaptado a las necesidades de establecimientos de hosteler\u00eda. GLOP TPV es un programa dise\u00f1ado pensando en el usuario, con\u00a0una interfaz muy intuitiva, fruto de\u00a0un estudio\u2026","rel":"","context":"Entrada similar","block_context":{"text":"Entrada similar","link":""},"img":{"alt_text":"","src":"https:\/\/i0.wp.com\/www.soinga.net\/web\/wp-content\/uploads\/glop_home.jpg?resize=350%2C200&ssl=1","width":350,"height":200,"srcset":"https:\/\/i0.wp.com\/www.soinga.net\/web\/wp-content\/uploads\/glop_home.jpg?resize=350%2C200&ssl=1 1x, https:\/\/i0.wp.com\/www.soinga.net\/web\/wp-content\/uploads\/glop_home.jpg?resize=525%2C300&ssl=1 1.5x, https:\/\/i0.wp.com\/www.soinga.net\/web\/wp-content\/uploads\/glop_home.jpg?resize=700%2C400&ssl=1 2x"},"classes":[]}],"jetpack_likes_enabled":false,"_links":{"self":[{"href":"https:\/\/www.soinga.net\/web\/wp-json\/wp\/v2\/pages\/1616","targetHints":{"allow":["GET"]}}],"collection":[{"href":"https:\/\/www.soinga.net\/web\/wp-json\/wp\/v2\/pages"}],"about":[{"href":"https:\/\/www.soinga.net\/web\/wp-json\/wp\/v2\/types\/page"}],"author":[{"embeddable":true,"href":"https:\/\/www.soinga.net\/web\/wp-json\/wp\/v2\/users\/1"}],"replies":[{"embeddable":true,"href":"https:\/\/www.soinga.net\/web\/wp-json\/wp\/v2\/comments?post=1616"}],"version-history":[{"count":4,"href":"https:\/\/www.soinga.net\/web\/wp-json\/wp\/v2\/pages\/1616\/revisions"}],"predecessor-version":[{"id":1639,"href":"https:\/\/www.soinga.net\/web\/wp-json\/wp\/v2\/pages\/1616\/revisions\/1639"}],"wp:attachment":[{"href":"https:\/\/www.soinga.net\/web\/wp-json\/wp\/v2\/media?parent=1616"}],"curies":[{"name":"wp","href":"https:\/\/api.w.org\/{rel}","templated":true}]}}