{"id":614,"date":"2018-07-06T11:48:57","date_gmt":"2018-07-06T09:48:57","guid":{"rendered":"http:\/\/localhost:10004\/?page_id=614"},"modified":"2026-03-02T12:27:40","modified_gmt":"2026-03-02T11:27:40","slug":"condiciones-generales","status":"publish","type":"page","link":"https:\/\/www.soinga.net\/web\/condiciones-generales\/","title":{"rendered":"Condiciones Generales"},"content":{"rendered":"<p><strong>CONDICIONES GENERALES<\/strong><\/p>\n<p>Las relaciones comerciales entre soinga.net y sus usuarios-clientes se regir\u00e1n especialmente por las siguientes Condiciones Generales, aceptadas en la solicitud de apertura de cuenta y\/o confirmadas por la realizaci\u00f3n de nuevos pedidos.<\/p>\n<p><strong>1. Aceptaci\u00f3n y disponibilidad de las Condiciones Generales de Contrataci\u00f3n.<\/strong><br \/>\nMediante la aceptaci\u00f3n del presente contrato, usted declara ser una persona mayor de edad y con capacidad para contratar que ha le\u00eddo y acepta las presentes condiciones generales.<br \/>\nEstas condiciones generales, en adelante, \u201cLas Condiciones Generales\u201d, regulan la relaci\u00f3n jur\u00eddica que emana de los procesos de contrataci\u00f3n realizados entre los usuarios-clientes, en adelante, \u201clos clientes\u201d, de la p\u00e1gina web ubicada en la url www.soinga.net propiedad de SOINGA S.C., con domicilio social en R\u00faa Xesteira n\u00ba 25 Baixo, Local 2, 15220, Bertamir\u00e1ns-Ames (A Coru\u00f1a) y provisto de CIF\/NIF\u00a0 J-70739906, en adelante \u201cwww.soinga.net\u201d. Los Clientes aceptan las Condiciones Generales desde el instante que utilicen o contraten el servicio o adquieran cualquier producto. Este documento puede ser impreso y almacenado por los clientes.<br \/>\n<strong>2. Normas aplicables.<\/strong><br \/>\nLas presentes Condiciones Generales, est\u00e1n sujetas a lo dispuesto en la Ley 7\/1998, de 13 de abril, sobre Condiciones Generales de Contrataci\u00f3n; a la Ley 26\/1984, de 19 de julio, General para la Defensa de Consumidores y Usuarios; al Real Decreto 1906\/1999, de 17 de diciembre de 1999, por el que se regula la Contrataci\u00f3n Telef\u00f3nica o Electr\u00f3nica con condiciones generales; a la Ley Org\u00e1nica 15\/1999, de 13 de diciembre, de Protecci\u00f3n de Datos de Car\u00e1cter Personal; a la Ley 7\/1996, de 15 de enero de Ordenaci\u00f3n del Comercio Minorista; a la Ley 34\/2002 de 11 de julio, de Servicios de la Sociedad de la Informaci\u00f3n y de Comercio Electr\u00f3nico, as\u00ed como a cualquier otra norma que sustituya a las anteriores o sean de aplicaci\u00f3n en Espa\u00f1a.<\/p>\n<p><strong>3. Modificaci\u00f3n de las Condiciones Generales.<\/strong><br \/>\nwww.soinga.net podr\u00e1 modificar las Condiciones Generales notific\u00e1ndolo a los clientes con antelaci\u00f3n suficiente, con el fin de mejorar los servicios y productos ofrecidos a trav\u00e9s de www.soinga.net. Mediante la modificaci\u00f3n de las Condiciones Generales expuestas en la p\u00e1gina web de www.soinga.net, se entender\u00e1 por cumplido dicho deber de notificaci\u00f3n. En todo caso, antes de utilizar los servicios o contratar productos, se podr\u00e1n consultar las Condiciones Generales.<\/p>\n<p><strong>Im\u00e1genes de los articulos.<\/strong><br \/>\nEl cliente asume que puedan existir leves diferencias entre el color de la imagen y el color real del art\u00edculo suministrado debido a la calidad de las fotograf\u00edas.<br \/>\n<strong>5. Descripci\u00f3n de los contenidos y propiedad intelectual<\/strong><br \/>\nLos contenidos suministrados por www.soinga.net est\u00e1n sujetos a los derechos de propiedad intelectual e industrial y son titularidad exclusiva de SOINGA S.C. o de las personas f\u00edsicas o jur\u00eddicas que se informe. Mediante la adquisici\u00f3n de un producto, www.soinga.net no confiere al adquirente ning\u00fan derecho de alteraci\u00f3n, explotaci\u00f3n, reproducci\u00f3n, distribuci\u00f3n o comunicaci\u00f3n p\u00fablica sobre el mismo. La cesi\u00f3n de los citados derechos precisar\u00e1 el previo consentimiento por escrito de su titular. El cliente no podr\u00e1 poner a disposici\u00f3n de terceras personas dichos contenidos. La propiedad intelectual se extiende, adem\u00e1s del contenido incluido en www.soinga.net, a sus gr\u00e1ficos, logotipos, dise\u00f1o, im\u00e1genes y c\u00f3digo fuente utilizado para su programaci\u00f3n.<br \/>\n<strong>6. Uso del Servicio y responsabilidades<\/strong><br \/>\nwww.soinga.net no garantiza la disponibilidad permanente de los servicios, quedando exonerado por cualquier tipo de responsabilidad por posibles da\u00f1os y perjuicios causados debido a la indisponibilidad del servicio por causas de fuerza mayor o errores en las redes telem\u00e1ticas de transferencia de datos, ajenos a su voluntad. www.soinga.net no se hace responsable del contenido de los enlaces a otras p\u00e1ginas Web que no sean titularidad suya y que, por tanto, no pueden ser controladas por \u00e9sta. El cliente manifiesta que conoce que la informaci\u00f3n facilitada por www.soinga.net a trav\u00e9s de sus servicios, no tiene car\u00e1cter legal y \u00fanicamente se ofrece a efectos informativos.<\/p>\n<p><strong>7. Precios y formas de pago<\/strong><br \/>\nSOINGA S.C. hace todos los esfuerzos dentro de sus medios para ofrecer la informaci\u00f3n contenida en el website de forma veraz y sin errores tipogr\u00e1ficos. En el caso que en alg\u00fan momento se produjera alg\u00fan error de este tipo, ajeno en todo momento a la voluntad de SOINGA S.C., se proceder\u00eda inmediatamente a su correcci\u00f3n. De existir un error tipogr\u00e1fico en alguno de los precios mostrados y alg\u00fan cliente hubiera tomado una decisi\u00f3n de compra basada en ese error, SOINGA S.C. le comunicar\u00e1 al cliente dicho error y este tendr\u00e1 derecho a rescindir su compra sin ning\u00fan coste por su parte. Los precios, las caracter\u00edsticas y la disponibilidad de los productos comercializados por SOINGA S.C. pueden variar por lo que se informar\u00e1 al cliente antes de aceptar cualquier pedido. El precio del producto es el que est\u00e1 en vigor en el momento de la aceptaci\u00f3n del pedido por SOINGA S.C.. En caso de que un Cliente haga un pedido con un precio err\u00f3neo, www.soinga.net le comunicar\u00e1 el precio correcto, y, de querer el cliente continuar su pedido, se aplicar\u00e1 el precio corregido por www.soinga.net. Todos los pedidos de productos est\u00e1n sujetos a la aceptaci\u00f3n del pedido por parte de www.soinga.net. SOINGA S.C. no enviar\u00e1 ning\u00fan producto hasta que su departamento de administraci\u00f3n haya comprobado que se ha realizado el pago. En caso de impago por el cliente, total o parcial, en la fecha de vencimiento pactada para uno o m\u00e1s env\u00edos de productos, SOINGA S.C. podr\u00e1 suspender o cancelar cualquier env\u00edo o contrato pendiente, sin incurrir en responsabilidad por cualesquiera da\u00f1os o p\u00e9rdidas, incluido el lucro cesante, o da\u00f1os por retraso o p\u00e9rdida de producci\u00f3n ocasionados al Cliente. La anterior facultad de SOINGA S.C. en ning\u00fan caso liberar\u00e1 al Cliente de sus obligaciones contractuales con relaci\u00f3n a los pagos adeudados y a la recepci\u00f3n de productos. En caso de producirse un retraso en la recepci\u00f3n o retirada de la mercanc\u00eda por parte del cliente, SOINGA S.C. quedar\u00e1 facultada para almacenar la mercanc\u00eda, por cuenta y riesgo del cliente, en sus instalaciones o en las de un tercero y el cliente vendr\u00e1 obligado al pago de los gastos ocasionados a SOINGA S.C..<br \/>\n<strong>8. Normas de garant\u00eda<\/strong><br \/>\nLas Normas de Garant\u00eda figuran en la ficha t\u00e9cnica de cada producto.<\/p>\n","protected":false},"excerpt":{"rendered":"<p>CONDICIONES GENERALES Las relaciones comerciales entre soinga.net y sus usuarios-clientes se regir\u00e1n especialmente por las siguientes Condiciones Generales, aceptadas en [&hellip;]<\/p>\n","protected":false},"author":1,"featured_media":0,"parent":0,"menu_order":0,"comment_status":"closed","ping_status":"closed","template":"","meta":{"site-sidebar-layout":"default","site-content-layout":"","ast-site-content-layout":"default","site-content-style":"default","site-sidebar-style":"default","ast-global-header-display":"","ast-banner-title-visibility":"","ast-main-header-display":"","ast-hfb-above-header-display":"","ast-hfb-below-header-display":"","ast-hfb-mobile-header-display":"","site-post-title":"","ast-breadcrumbs-content":"","ast-featured-img":"","footer-sml-layout":"","ast-disable-related-posts":"","theme-transparent-header-meta":"","adv-header-id-meta":"","stick-header-meta":"","header-above-stick-meta":"","header-main-stick-meta":"","header-below-stick-meta":"","astra-migrate-meta-layouts":"default","ast-page-background-enabled":"default","ast-page-background-meta":{"desktop":{"background-color":"var(--ast-global-color-4)","background-image":"","background-repeat":"repeat","background-position":"center center","background-size":"auto","background-attachment":"scroll","background-type":"","background-media":"","overlay-type":"","overlay-color":"","overlay-opacity":"","overlay-gradient":""},"tablet":{"background-color":"","background-image":"","background-repeat":"repeat","background-position":"center center","background-size":"auto","background-attachment":"scroll","background-type":"","background-media":"","overlay-type":"","overlay-color":"","overlay-opacity":"","overlay-gradient":""},"mobile":{"background-color":"","background-image":"","background-repeat":"repeat","background-position":"center center","background-size":"auto","background-attachment":"scroll","background-type":"","background-media":"","overlay-type":"","overlay-color":"","overlay-opacity":"","overlay-gradient":""}},"ast-content-background-meta":{"desktop":{"background-color":"var(--ast-global-color-5)","background-image":"","background-repeat":"repeat","background-position":"center center","background-size":"auto","background-attachment":"scroll","background-type":"","background-media":"","overlay-type":"","overlay-color":"","overlay-opacity":"","overlay-gradient":""},"tablet":{"background-color":"var(--ast-global-color-5)","background-image":"","background-repeat":"repeat","background-position":"center center","background-size":"auto","background-attachment":"scroll","background-type":"","background-media":"","overlay-type":"","overlay-color":"","overlay-opacity":"","overlay-gradient":""},"mobile":{"background-color":"var(--ast-global-color-5)","background-image":"","background-repeat":"repeat","background-position":"center center","background-size":"auto","background-attachment":"scroll","background-type":"","background-media":"","overlay-type":"","overlay-color":"","overlay-opacity":"","overlay-gradient":""}},"footnotes":""},"class_list":["post-614","page","type-page","status-publish","hentry"],"yoast_head":"<!-- This site is optimized with the Yoast SEO plugin v27.3 - https:\/\/yoast.com\/product\/yoast-seo-wordpress\/ -->\n<title>Condiciones Generales - SOINGA<\/title>\n<meta name=\"robots\" content=\"index, follow, max-snippet:-1, max-image-preview:large, max-video-preview:-1\" \/>\n<link rel=\"canonical\" href=\"https:\/\/www.soinga.net\/web\/condiciones-generales\/\" \/>\n<meta property=\"og:locale\" content=\"es_ES\" \/>\n<meta property=\"og:type\" content=\"article\" \/>\n<meta property=\"og:title\" content=\"Condiciones Generales - SOINGA\" \/>\n<meta property=\"og:description\" content=\"CONDICIONES GENERALES Las relaciones comerciales entre soinga.net y sus usuarios-clientes se regir\u00e1n especialmente por las siguientes Condiciones Generales, aceptadas en [&hellip;]\" \/>\n<meta property=\"og:url\" content=\"https:\/\/www.soinga.net\/web\/condiciones-generales\/\" \/>\n<meta property=\"og:site_name\" content=\"SOINGA\" \/>\n<meta property=\"article:publisher\" content=\"https:\/\/www.facebook.com\/SoingaSC-770654092982927\/\" \/>\n<meta property=\"article:modified_time\" content=\"2026-03-02T11:27:40+00:00\" \/>\n<meta property=\"og:image\" content=\"https:\/\/i0.wp.com\/www.soinga.net\/web\/wp-content\/uploads\/cropped-logo-2.png?fit=393%2C154&ssl=1\" \/>\n\t<meta property=\"og:image:width\" content=\"393\" \/>\n\t<meta property=\"og:image:height\" content=\"154\" \/>\n\t<meta property=\"og:image:type\" content=\"image\/png\" \/>\n<meta name=\"twitter:label1\" content=\"Tiempo de lectura\" \/>\n\t<meta name=\"twitter:data1\" content=\"5 minutos\" \/>\n<script type=\"application\/ld+json\" class=\"yoast-schema-graph\">{\"@context\":\"https:\\\/\\\/schema.org\",\"@graph\":[{\"@type\":\"WebPage\",\"@id\":\"https:\\\/\\\/www.soinga.net\\\/web\\\/condiciones-generales\\\/\",\"url\":\"https:\\\/\\\/www.soinga.net\\\/web\\\/condiciones-generales\\\/\",\"name\":\"Condiciones Generales - SOINGA\",\"isPartOf\":{\"@id\":\"https:\\\/\\\/www.soinga.net\\\/web\\\/#website\"},\"datePublished\":\"2018-07-06T09:48:57+00:00\",\"dateModified\":\"2026-03-02T11:27:40+00:00\",\"breadcrumb\":{\"@id\":\"https:\\\/\\\/www.soinga.net\\\/web\\\/condiciones-generales\\\/#breadcrumb\"},\"inLanguage\":\"es\",\"potentialAction\":[{\"@type\":\"ReadAction\",\"target\":[\"https:\\\/\\\/www.soinga.net\\\/web\\\/condiciones-generales\\\/\"]}]},{\"@type\":\"BreadcrumbList\",\"@id\":\"https:\\\/\\\/www.soinga.net\\\/web\\\/condiciones-generales\\\/#breadcrumb\",\"itemListElement\":[{\"@type\":\"ListItem\",\"position\":1,\"name\":\"Portada\",\"item\":\"https:\\\/\\\/www.soinga.net\\\/web\\\/\"},{\"@type\":\"ListItem\",\"position\":2,\"name\":\"Condiciones Generales\"}]},{\"@type\":\"WebSite\",\"@id\":\"https:\\\/\\\/www.soinga.net\\\/web\\\/#website\",\"url\":\"https:\\\/\\\/www.soinga.net\\\/web\\\/\",\"name\":\"SOINGA\",\"description\":\"Soporte Inform\u00e1tico\",\"publisher\":{\"@id\":\"https:\\\/\\\/www.soinga.net\\\/web\\\/#organization\"},\"alternateName\":\"Soporte Inform\u00e1tico\",\"potentialAction\":[{\"@type\":\"SearchAction\",\"target\":{\"@type\":\"EntryPoint\",\"urlTemplate\":\"https:\\\/\\\/www.soinga.net\\\/web\\\/?s={search_term_string}\"},\"query-input\":{\"@type\":\"PropertyValueSpecification\",\"valueRequired\":true,\"valueName\":\"search_term_string\"}}],\"inLanguage\":\"es\"},{\"@type\":\"Organization\",\"@id\":\"https:\\\/\\\/www.soinga.net\\\/web\\\/#organization\",\"name\":\"SOINGA\",\"url\":\"https:\\\/\\\/www.soinga.net\\\/web\\\/\",\"logo\":{\"@type\":\"ImageObject\",\"inLanguage\":\"es\",\"@id\":\"https:\\\/\\\/www.soinga.net\\\/web\\\/#\\\/schema\\\/logo\\\/image\\\/\",\"url\":\"http:\\\/\\\/localhost:10004\\\/wp-content\\\/uploads\\\/logo.png\",\"contentUrl\":\"http:\\\/\\\/localhost:10004\\\/wp-content\\\/uploads\\\/logo.png\",\"width\":193,\"height\":125,\"caption\":\"SOINGA\"},\"image\":{\"@id\":\"https:\\\/\\\/www.soinga.net\\\/web\\\/#\\\/schema\\\/logo\\\/image\\\/\"},\"sameAs\":[\"https:\\\/\\\/www.facebook.com\\\/SoingaSC-770654092982927\\\/\",\"https:\\\/\\\/www.instagram.com\\\/soinga_sc\\\/\"]}]}<\/script>\n<!-- \/ Yoast SEO plugin. -->","yoast_head_json":{"title":"Condiciones Generales - SOINGA","robots":{"index":"index","follow":"follow","max-snippet":"max-snippet:-1","max-image-preview":"max-image-preview:large","max-video-preview":"max-video-preview:-1"},"canonical":"https:\/\/www.soinga.net\/web\/condiciones-generales\/","og_locale":"es_ES","og_type":"article","og_title":"Condiciones Generales - SOINGA","og_description":"CONDICIONES GENERALES Las relaciones comerciales entre soinga.net y sus usuarios-clientes se regir\u00e1n especialmente por las siguientes Condiciones Generales, aceptadas en [&hellip;]","og_url":"https:\/\/www.soinga.net\/web\/condiciones-generales\/","og_site_name":"SOINGA","article_publisher":"https:\/\/www.facebook.com\/SoingaSC-770654092982927\/","article_modified_time":"2026-03-02T11:27:40+00:00","og_image":[{"width":393,"height":154,"url":"https:\/\/i0.wp.com\/www.soinga.net\/web\/wp-content\/uploads\/cropped-logo-2.png?fit=393%2C154&ssl=1","type":"image\/png"}],"twitter_misc":{"Tiempo de lectura":"5 minutos"},"schema":{"@context":"https:\/\/schema.org","@graph":[{"@type":"WebPage","@id":"https:\/\/www.soinga.net\/web\/condiciones-generales\/","url":"https:\/\/www.soinga.net\/web\/condiciones-generales\/","name":"Condiciones Generales - SOINGA","isPartOf":{"@id":"https:\/\/www.soinga.net\/web\/#website"},"datePublished":"2018-07-06T09:48:57+00:00","dateModified":"2026-03-02T11:27:40+00:00","breadcrumb":{"@id":"https:\/\/www.soinga.net\/web\/condiciones-generales\/#breadcrumb"},"inLanguage":"es","potentialAction":[{"@type":"ReadAction","target":["https:\/\/www.soinga.net\/web\/condiciones-generales\/"]}]},{"@type":"BreadcrumbList","@id":"https:\/\/www.soinga.net\/web\/condiciones-generales\/#breadcrumb","itemListElement":[{"@type":"ListItem","position":1,"name":"Portada","item":"https:\/\/www.soinga.net\/web\/"},{"@type":"ListItem","position":2,"name":"Condiciones Generales"}]},{"@type":"WebSite","@id":"https:\/\/www.soinga.net\/web\/#website","url":"https:\/\/www.soinga.net\/web\/","name":"SOINGA","description":"Soporte Inform\u00e1tico","publisher":{"@id":"https:\/\/www.soinga.net\/web\/#organization"},"alternateName":"Soporte Inform\u00e1tico","potentialAction":[{"@type":"SearchAction","target":{"@type":"EntryPoint","urlTemplate":"https:\/\/www.soinga.net\/web\/?s={search_term_string}"},"query-input":{"@type":"PropertyValueSpecification","valueRequired":true,"valueName":"search_term_string"}}],"inLanguage":"es"},{"@type":"Organization","@id":"https:\/\/www.soinga.net\/web\/#organization","name":"SOINGA","url":"https:\/\/www.soinga.net\/web\/","logo":{"@type":"ImageObject","inLanguage":"es","@id":"https:\/\/www.soinga.net\/web\/#\/schema\/logo\/image\/","url":"http:\/\/localhost:10004\/wp-content\/uploads\/logo.png","contentUrl":"http:\/\/localhost:10004\/wp-content\/uploads\/logo.png","width":193,"height":125,"caption":"SOINGA"},"image":{"@id":"https:\/\/www.soinga.net\/web\/#\/schema\/logo\/image\/"},"sameAs":["https:\/\/www.facebook.com\/SoingaSC-770654092982927\/","https:\/\/www.instagram.com\/soinga_sc\/"]}]}},"jetpack_sharing_enabled":true,"jetpack_shortlink":"https:\/\/wp.me\/P6oxXO-9U","jetpack-related-posts":[{"id":7,"url":"https:\/\/www.soinga.net\/web\/inicio\/","url_meta":{"origin":614,"position":0},"title":"HARDWARE","author":"","date":false,"format":false,"excerpt":"Mantenimiento inform\u00e1tico El mantenimiento inform\u00e1tico es la actividad principal de Soinga, estando dedicada al servicio de asistencia t\u00e9cnica y soporte de componentes inform\u00e1ticos. Nuestro abanico de clientes abarca\u00a0desde particulares\u00a0hasta la gran empresa. El mantenimiento inform\u00e1tico no s\u00f3lo es la mejor forma de que los equipos de su empresa funcionen de\u2026","rel":"","context":"Entrada similar","block_context":{"text":"Entrada similar","link":""},"img":{"alt_text":"","src":"","width":0,"height":0},"classes":[]},{"id":808,"url":"https:\/\/www.soinga.net\/web\/glop\/","url_meta":{"origin":614,"position":1},"title":"GLOP","author":"","date":false,"format":false,"excerpt":"El Tpv hosteler\u00eda que aporta\u00a0una soluci\u00f3n \u00c1gil e Intuitiva Con GLOP TPV toma el control de tu\u00a0restaurante, cafeter\u00eda, discoteca o helader\u00eda con un \u00fanico software tpv\u00a0adaptado a las necesidades de establecimientos de hosteler\u00eda. GLOP TPV es un programa dise\u00f1ado pensando en el usuario, con\u00a0una interfaz muy intuitiva, fruto de\u00a0un estudio\u2026","rel":"","context":"Entrada similar","block_context":{"text":"Entrada similar","link":""},"img":{"alt_text":"","src":"https:\/\/i0.wp.com\/www.soinga.net\/web\/wp-content\/uploads\/glop_home.jpg?resize=350%2C200&ssl=1","width":350,"height":200,"srcset":"https:\/\/i0.wp.com\/www.soinga.net\/web\/wp-content\/uploads\/glop_home.jpg?resize=350%2C200&ssl=1 1x, https:\/\/i0.wp.com\/www.soinga.net\/web\/wp-content\/uploads\/glop_home.jpg?resize=525%2C300&ssl=1 1.5x, https:\/\/i0.wp.com\/www.soinga.net\/web\/wp-content\/uploads\/glop_home.jpg?resize=700%2C400&ssl=1 2x"},"classes":[]},{"id":1047,"url":"https:\/\/www.soinga.net\/web\/gestion-de-certificados\/","url_meta":{"origin":614,"position":2},"title":"GESTION DE CERTIFICADOS","author":"","date":false,"format":false,"excerpt":"Gesti\u00f3n \u00e1gil y c\u00f3moda de sus certificados digitales Este software nace de la necesidad de poder gestionar certificados digitales de manera eficiente e inmediata, facilitando la disponibilidad de los certificados entre todos los puestos de trabajo. Ahorra tiempo Localice el certificado que desea por nombre, entidad, NIF o DNI de\u2026","rel":"","context":"Entrada similar","block_context":{"text":"Entrada similar","link":""},"img":{"alt_text":"funciones del programa","src":"https:\/\/i0.wp.com\/bicert.es\/assets\/img\/caracteristica3.jpg?resize=350%2C200&ssl=1","width":350,"height":200},"classes":[]},{"id":1474,"url":"https:\/\/www.soinga.net\/web\/politica-de-privacidad\/","url_meta":{"origin":614,"position":3},"title":"Pol\u00edtica de privacidad","author":"","date":false,"format":false,"excerpt":"Qui\u00e9nes somos La direcci\u00f3n de nuestra web es www.soinga.net Comentarios Cuando los visitantes dejan comentarios en la web, recopilamos los datos que se muestran en el formulario de comentarios, as\u00ed como la direcci\u00f3n IP del visitante y la cadena de agentes de usuario del navegador para ayudar a la detecci\u00f3n\u2026","rel":"","context":"Entrada similar","block_context":{"text":"Entrada similar","link":""},"img":{"alt_text":"","src":"","width":0,"height":0},"classes":[]},{"id":89,"url":"https:\/\/www.soinga.net\/web\/goldensoft-2\/","url_meta":{"origin":614,"position":4},"title":"SOFTWARE","author":"","date":false,"format":false,"excerpt":"Como Distribuidor Oficial de GoldenSoft\u00a0ofrecemos\u00a0software de Gesti\u00f3n, Facturaci\u00f3n, Contabilidad, Laboral, Aut\u00f3nomos, TPV, CRM, orientado y adaptado a asesor\u00edas, pymes, comercios (librer\u00edas, zapater\u00edas, tiendas de ropa, etc), ayud\u00e1ndole a mejorar la visi\u00f3n de su negocio, obteniendo as\u00ed la mejor rentabilidad y \u00a0productividad.\u00a0 Asimismo, somos distribuidores de software de Control de Presencia,\u2026","rel":"","context":"Entrada similar","block_context":{"text":"Entrada similar","link":""},"img":{"alt_text":"","src":"","width":0,"height":0},"classes":[]},{"id":771,"url":"https:\/\/www.soinga.net\/web\/glasof-2\/","url_meta":{"origin":614,"position":5},"title":"GLASOF","author":"","date":false,"format":false,"excerpt":"Descubra nuestros\u00a0programas para asesor\u00edas y despachos profesionales. Son programas\u00a0sin coste de adquisici\u00f3n\u00a0para el asesor. Una vez instalados dispone de un periodo gratis\u00a0para probarlos. Durante este periodo puede\u00a0solicitar una demostraci\u00f3n\u00a0de su funcionamiento y dispone de\u00a0cursos y v\u00eddeos gratis\u00a0del manejo de este software para asesor\u00edas. Una vez finalizado dicho periodo puede darse\u2026","rel":"","context":"Entrada similar","block_context":{"text":"Entrada similar","link":""},"img":{"alt_text":"","src":"https:\/\/i0.wp.com\/www.soinga.net\/web\/wp-content\/uploads\/GLASOF_SOINGA.png?resize=350%2C200&ssl=1","width":350,"height":200},"classes":[]}],"jetpack_likes_enabled":false,"_links":{"self":[{"href":"https:\/\/www.soinga.net\/web\/wp-json\/wp\/v2\/pages\/614","targetHints":{"allow":["GET"]}}],"collection":[{"href":"https:\/\/www.soinga.net\/web\/wp-json\/wp\/v2\/pages"}],"about":[{"href":"https:\/\/www.soinga.net\/web\/wp-json\/wp\/v2\/types\/page"}],"author":[{"embeddable":true,"href":"https:\/\/www.soinga.net\/web\/wp-json\/wp\/v2\/users\/1"}],"replies":[{"embeddable":true,"href":"https:\/\/www.soinga.net\/web\/wp-json\/wp\/v2\/comments?post=614"}],"version-history":[{"count":1,"href":"https:\/\/www.soinga.net\/web\/wp-json\/wp\/v2\/pages\/614\/revisions"}],"predecessor-version":[{"id":1583,"href":"https:\/\/www.soinga.net\/web\/wp-json\/wp\/v2\/pages\/614\/revisions\/1583"}],"wp:attachment":[{"href":"https:\/\/www.soinga.net\/web\/wp-json\/wp\/v2\/media?parent=614"}],"curies":[{"name":"wp","href":"https:\/\/api.w.org\/{rel}","templated":true}]}}